me factors of 2914787.
107, 27241
What are the prime factors of 1402730?
2, 5, 7, 29, 691
What are the prime factors of 17841630?
2, 3, 5, 594721
What are the prime factors of 3691535?
5, 167, 4421
What are the prime factors of 314855?
5, 62971
What are the prime factors of 275073?
3, 91691
List the prime factors of 2201901.
3, 13, 43, 101
List the prime factors of 1294442.
2, 283, 2287
List the prime factors of 136875.
3, 5, 73
What are the prime factors of 33147062?
2, 13, 521, 2447
What are the prime factors of 1816372?
2, 83, 5471
What are the prime factors of 635430?
2, 3, 5, 59, 359
List the prime factors of 2051236.
2, 11, 46619
List the prime factors of 1652026.
2, 17, 48589
What are the prime factors of 2114891?
97, 21803
What are the prime factors of 14572521?
3, 539723
List the prime factors of 3679159.
11, 193, 1733
List the prime factors of 977048.
2, 122131
List the prime factors of 10669116.
2, 3, 179, 4967
List the prime factors of 3972851.
3972851
List the prime factors of 2050036.
2, 23, 22283
List the prime factors of 2126238.
2, 3, 354373
List the prime factors of 1339692.
2, 3, 111641
List the prime factors of 100533.
3, 23, 31, 47
What are the prime factors of 30114?
2, 3, 7, 239
List the prime factors of 12830343.
3, 23, 185947
List the prime factors of 3832849.
101, 137, 277
What are the prime factors of 830576?
2, 23, 37, 61
What are the prime factors of 31145657?
23, 1354159
What are the prime factors of 86841?
3, 9649
What are the prime factors of 7130538?
2, 3, 132047
List the prime factors of 21810985.
5, 7, 623171
List the prime factors of 302430.
2, 3, 5, 17, 593
What are the prime factors of 4013140?
2, 5, 200657
List the prime factors of 3204750.
2, 3, 5, 4273
List the prime factors of 720390.
2, 3, 5, 11, 37, 59
List the prime factors of 2445022.
2, 571, 2141
What are the prime factors of 416811?
3, 138937
What are the prime factors of 667078?
2, 333539
What are the prime factors of 916196?
2, 199, 1151
List the prime factors of 1903335.
3, 5, 7, 18127
List the prime factors of 13554566.
2, 61, 111103
List the prime factors of 14319659.
2269, 6311
What are the prime factors of 4973397?
3, 11, 13, 11593
What are the prime factors of 18917192?
2, 7, 17, 31, 641
What are the prime factors of 1514616?
2, 3, 223, 283
List the prime factors of 17951877.
3, 1249, 1597
What are the prime factors of 347986?
2, 173993
What are the prime factors of 35661?
3, 11887
What are the prime factors of 10058247?
3, 431, 2593
List the prime factors of 18448126.
2, 19, 37, 13121
What are the prime factors of 318288?
2, 3, 19, 349
What are the prime factors of 1759422?
2, 3, 7, 163, 257
List the prime factors of 375337.
23, 16319
What are the prime factors of 3947959?
43, 91813
List the prime factors of 2306758.
2, 503, 2293
List the prime factors of 188410.
2, 5, 83, 227
What are the prime factors of 2988310?
2, 5, 13, 127, 181
What are the prime factors of 499064?
2, 62383
List the prime factors of 16100.
2, 5, 7, 23
List the prime factors of 1190265.
3, 5, 73, 1087
List the prime factors of 17757277.
167, 106331
List the prime factors of 1685302.
2, 23, 36637
List the prime factors of 5355953.
41, 130633
What are the prime factors of 262515?
3, 5, 11, 37, 43
What are the prime factors of 827284?
2, 206821
List the prime factors of 18651.
3, 6217
What are the prime factors of 30450781?
23, 199, 6653
List the prime factors of 1095443.
1095443
List the prime factors of 2885860.
2, 5, 313, 461
What are the prime factors of 182828?
2, 45707
What are the prime factors of 112413?
3, 7, 53, 101
List the prime factors of 194503.
19, 29, 353
What are the prime factors of 65590?
2, 5, 7, 937
List the prime factors of 1948159.
67, 29077
List the prime factors of 24931280.
2, 5, 11, 41, 691
List the prime factors of 1332162.
2, 3, 13, 5693
List the prime factors of 444696.
2, 3, 7, 2647
What are the prime factors of 3304187?
61, 54167
List the prime factors of 2839689.
3, 315521
List the prime factors of 180643.
43, 4201
What are the prime factors of 166288?
2, 19, 547
What are the prime factors of 12004741?
7, 1714963
What are the prime factors of 331964?
2, 37, 2243
List the prime factors of 158146.
2, 107, 739
What are the prime factors of 44871?
3, 14957
What are the prime factors of 2098014?
2, 3, 23, 661
List the prime factors of 626243.
431, 1453
What are the prime factors of 1484658?
2, 3, 7, 11783
List the prime factors of 120230.
2, 5, 11, 1093
What are the prime factors of 172604?
2, 43151
List the prime factors of 4971522.
2, 3, 828587
What are the prime factors of 450856?
2, 7, 83, 97
List the prime factors of 24590967.
3, 31, 89, 2971
List the prime factors of 1500231.
3, 41, 12197
List the prime factors of 2398812.
2, 3, 13, 15377
List the prime factors of 206452.
2, 51613
List the prime factors of 4109448.
2, 3, 7, 61, 401
What are the prime factors of 5085175?
5, 107, 1901
What are the prime factors of 39673?
97, 409
List the prime factors of 166286.
2, 29, 47, 61
What are the prime factors of 87775?
5, 3511
What are the prime factors of 919774?
2, 271, 1697
List the prime factors of 355197.
3, 118399
List the prime factors of 408092.
2, 102023
List the prime factors of 428614.
2, 41, 5227
What are the prime factors of 184505?
5, 36901
List the prime factors of 26390831.
67, 5879
What are the prime factors of 30477?
3, 10159
What are the prime factors of 497697?
3, 23, 7213
What are the prime factors of 7624754?
2, 991, 3847
List the prime factors of 710765.
5, 11, 12923
What are the prime factors of 394320?
2, 3, 5, 31, 53
What are the prime factors of 1872293?
89, 109, 193
List the prime factors of 138579.
3, 7, 6599
List the prime factors of 1392725.
5, 17, 29, 113
What are the prime factors of 4458464?
2, 19, 7333
What are the prime factors of 3572566?
2, 1786283
List the prime factors of 221666.
2, 137, 809
List the prime factors of 500085.
3, 5, 11113
List the prime factors of 7936203.
3, 11, 240491
What are the prime factors of 76797?
3, 7, 23, 53
What are the prime factors of 1685870?
2, 5, 19, 467
What are the prime factors of 775181?
11, 19, 3709
List the prime factors of 414618.
2, 3, 19, 3637
List the prime factors of 8580030.
2, 3, 5, 286001
What are the prime factors of 9777856?
2, 11, 17, 19, 43
List the prime factors of 661986.
2, 3, 13, 23, 41
List the prime factors of 298531.
487, 613
What are the prime factors of 7445001?
3, 439, 5653
List the prime factors of 15443364.
2, 3, 43, 173
List the prime factors of 1273975.
5, 131, 389
What are the prime factors of 750923?
151, 4973
What are the prime factors of 22149835?
5, 1601, 2767
List the prime factors of 3686138.
2, 349, 5281
List the prime factors of 10732853.
19, 113, 4999
List the prime factors of 1617833.
7, 137, 241
What are the prime factors of 57178?
2, 11, 23, 113
List the prime factors of 69479.
17, 61, 67
What are the prime factors of 35131342?
2, 19, 41, 22549
List the prime factors of 955666.
2, 29, 16477
List the prime factors of 375704.
2, 7, 6709
List the prime factors of 3488307.
3, 107, 10867
List the prime factors of 1386081.
3, 337, 457
What are the prime factors of 2195787?
3, 11, 23, 263
List the prime factors of 976673.
137, 7129
What are the prime factors of 132879?
3, 44293
What are the prime factors of 9347286?
2, 3, 13, 293, 409
What are the prime factors of 26690793?
3, 8896931
What are the prime factors of 275498?
2, 139, 991
What are the prime factors of 71747?
13, 5519
List the prime factors of 466329.
3, 155443
List the prime factors of 586704.
2, 3, 17, 719
What are the prime factors of 1086263?
1086263
What are the prime factors of 1862408?
2, 232801
List the prime factors of 281941.
11, 19, 71
List the prime factors of 13076461.
13076461
List the prime factors of 5554301.
31, 139, 1289
What are the prime factors of 343603?
13, 26431
List the prime factors of 6986841.
3, 2328947
List the prime factors of 9397085.
5, 67, 28051
List the prime factors of 167778.
2, 3, 13, 239
What are the prime factors of 35848172?
2, 17, 527179
What are the prime factors of 956125?
5, 7649
List the prime factors of 272846.
2, 7, 19489
List the prime factors of 1158663.
3, 11, 35111
What are the prime factors of 75712?
2, 7, 13
List the p